Last updated on 2023-11-28 08:56:44 CET.
Flavor | Version | Tinstall | Tcheck | Ttotal | Status | Flags |
---|---|---|---|---|---|---|
r-devel-linux-x86_64-debian-clang | 0.5.3 | 5.71 | 56.94 | 62.65 | NOTE | |
r-devel-linux-x86_64-debian-gcc | 0.5.3 | 4.62 | 42.43 | 47.05 | NOTE | |
r-devel-linux-x86_64-fedora-clang | 0.5.3 | 77.88 | NOTE | |||
r-devel-linux-x86_64-fedora-gcc | 0.5.3 | 84.95 | NOTE | |||
r-devel-windows-x86_64 | 0.5.3 | 8.00 | 70.00 | 78.00 | NOTE | |
r-patched-linux-x86_64 | 0.5.3 | 5.43 | 52.96 | 58.39 | OK | |
r-release-linux-x86_64 | 0.5.3 | 6.84 | 52.79 | 59.63 | OK | |
r-release-macos-arm64 | 0.5.3 | 36.00 | OK | |||
r-release-macos-x86_64 | 0.5.3 | 53.00 | OK | |||
r-release-windows-x86_64 | 0.5.3 | 9.00 | 73.00 | 82.00 | OK | |
r-oldrel-macos-arm64 | 0.5.3 | 28.00 | OK | |||
r-oldrel-macos-x86_64 | 0.5.3 | 39.00 | OK | |||
r-oldrel-windows-x86_64 | 0.5.3 | 9.00 | 76.00 | 85.00 | OK |
Version: 0.5.3
Check: Rd \usage sections
Result: NOTE
Documented arguments not in \usage in Rd file 'insert_preview.Rd':
‘input’
Functions with \usage entries need to have the appropriate \alias
entries, and all their arguments documented.
The \usage entries must correspond to syntactically valid R code.
See chapter ‘Writing R documentation files’ in the ‘Writing R
Extensions’ manual.
Flavors: r-devel-linux-x86_64-debian-clang, r-devel-linux-x86_64-debian-gcc, r-devel-linux-x86_64-fedora-clang, r-devel-linux-x86_64-fedora-gcc, r-devel-windows-x86_64