Last updated on 2024-07-27 16:49:25 CEST.
Flavor | Version | Tinstall | Tcheck | Ttotal | Status | Flags |
---|---|---|---|---|---|---|
r-devel-linux-x86_64-debian-clang | 1.1.0 | 16.41 | 355.33 | 371.74 | OK | |
r-devel-linux-x86_64-debian-gcc | 1.1.0 | OK | ||||
r-devel-linux-x86_64-fedora-clang | 1.1.0 | 471.58 | NOTE | |||
r-devel-linux-x86_64-fedora-gcc | 1.1.0 | 427.36 | OK | |||
r-devel-windows-x86_64 | 1.1.0 | 17.00 | 253.00 | 270.00 | NOTE | |
r-patched-linux-x86_64 | 1.1.0 | OK | ||||
r-release-linux-x86_64 | 1.1.0 | 11.41 | 344.05 | 355.46 | OK | |
r-release-macos-arm64 | 1.1.0 | 128.00 | NOTE | |||
r-release-macos-x86_64 | 1.1.0 | 344.00 | NOTE | |||
r-release-windows-x86_64 | 1.1.0 | 18.00 | 254.00 | 272.00 | NOTE | |
r-oldrel-macos-arm64 | 1.1.0 | 130.00 | NOTE | |||
r-oldrel-macos-x86_64 | 1.1.0 | 257.00 | NOTE | |||
r-oldrel-windows-x86_64 | 1.1.0 | 23.00 | 344.00 | 367.00 | NOTE |
Version: 1.1.0
Check: installed package size
Result: NOTE
installed size is 5.9Mb
sub-directories of 1Mb or more:
data 4.3Mb
help 1.3Mb
Flavors: r-devel-linux-x86_64-fedora-clang, r-devel-windows-x86_64, r-release-macos-arm64, r-release-macos-x86_64, r-release-windows-x86_64, r-oldrel-macos-arm64, r-oldrel-macos-x86_64, r-oldrel-windows-x86_64