Last updated on 2024-05-02 08:02:03 CEST.
Flavor | Version | Tinstall | Tcheck | Ttotal | Status | Flags |
---|---|---|---|---|---|---|
r-devel-linux-x86_64-debian-clang | 0.2.1 | 5.70 | 91.07 | 96.77 | NOTE | |
r-devel-linux-x86_64-debian-gcc | 0.2.1 | 4.61 | 71.22 | 75.83 | NOTE | |
r-devel-linux-x86_64-fedora-clang | 0.2.1 | 124.53 | NOTE | |||
r-devel-linux-x86_64-fedora-gcc | 0.2.1 | 134.98 | NOTE | |||
r-devel-windows-x86_64 | 0.2.1 | 7.00 | 92.00 | 99.00 | NOTE | |
r-patched-linux-x86_64 | 0.2.1 | 3.84 | 90.07 | 93.91 | NOTE | |
r-release-linux-x86_64 | 0.2.1 | 3.61 | 88.95 | 92.56 | NOTE | |
r-release-macos-arm64 | 0.2.1 | 57.00 | NOTE | |||
r-release-windows-x86_64 | 0.2.1 | 8.00 | 92.00 | 100.00 | NOTE | |
r-oldrel-macos-arm64 | 0.2.1 | 63.00 | NOTE | |||
r-oldrel-macos-x86_64 | 0.2.1 | 81.00 | NOTE | |||
r-oldrel-windows-x86_64 | 0.2.1 | 8.00 | 100.00 | 108.00 | NOTE |
Version: 0.2.1
Check: LazyData
Result: NOTE
'LazyData' is specified without a 'data' directory
Flavors: r-devel-linux-x86_64-debian-clang, r-devel-linux-x86_64-debian-gcc, r-devel-linux-x86_64-fedora-clang, r-devel-linux-x86_64-fedora-gcc, r-devel-windows-x86_64, r-patched-linux-x86_64, r-release-linux-x86_64, r-release-macos-arm64, r-release-windows-x86_64, r-oldrel-macos-arm64, r-oldrel-macos-x86_64, r-oldrel-windows-x86_64