Last updated on 2024-04-27 21:20:42 CEST.
Flavor | Version | Tinstall | Tcheck | Ttotal | Status | Flags |
---|---|---|---|---|---|---|
r-devel-linux-x86_64-debian-clang | 0.1.5 | 2.46 | 22.97 | 25.43 | NOTE | |
r-devel-linux-x86_64-debian-gcc | 0.1.5 | 1.81 | 17.56 | 19.37 | NOTE | |
r-devel-linux-x86_64-fedora-clang | 0.1.5 | 32.30 | NOTE | |||
r-devel-linux-x86_64-fedora-gcc | 0.1.5 | 30.53 | NOTE | |||
r-devel-windows-x86_64 | 0.1.5 | 4.00 | 41.00 | 45.00 | NOTE | |
r-patched-linux-x86_64 | 0.1.5 | 1.67 | 21.57 | 23.24 | NOTE | |
r-release-linux-x86_64 | 0.1.5 | 2.32 | 22.40 | 24.72 | NOTE | |
r-release-macos-arm64 | 0.1.5 | 14.00 | NOTE | |||
r-release-windows-x86_64 | 0.1.5 | 4.00 | 41.00 | 45.00 | NOTE | |
r-oldrel-macos-arm64 | 0.1.5 | 15.00 | NOTE | |||
r-oldrel-macos-x86_64 | 0.1.5 | 19.00 | NOTE | |||
r-oldrel-windows-x86_64 | 0.1.5 | 5.00 | 82.00 | 87.00 | NOTE |
Version: 0.1.5
Check: LazyData
Result: NOTE
'LazyData' is specified without a 'data' directory
Flavors: r-devel-linux-x86_64-debian-clang, r-devel-linux-x86_64-debian-gcc, r-devel-linux-x86_64-fedora-clang, r-devel-linux-x86_64-fedora-gcc, r-devel-windows-x86_64, r-patched-linux-x86_64, r-release-linux-x86_64, r-release-macos-arm64, r-release-windows-x86_64, r-oldrel-macos-arm64, r-oldrel-macos-x86_64, r-oldrel-windows-x86_64