Last updated on 2025-04-30 01:50:41 CEST.
Flavor | Version | Tinstall | Tcheck | Ttotal | Status | Flags |
---|---|---|---|---|---|---|
r-devel-linux-x86_64-debian-clang | 1.0.0 | 19.72 | 210.40 | 230.12 | NOTE | |
r-devel-linux-x86_64-debian-gcc | 1.0.0 | 14.15 | 147.48 | 161.63 | NOTE | |
r-devel-linux-x86_64-fedora-clang | 1.0.0 | 345.06 | OK | |||
r-devel-linux-x86_64-fedora-gcc | 1.0.0 | 339.29 | OK | |||
r-devel-windows-x86_64 | 1.0.0 | 20.00 | 212.00 | 232.00 | OK | |
r-patched-linux-x86_64 | 1.0.0 | 24.74 | 199.10 | 223.84 | OK | |
r-release-linux-x86_64 | 1.0.0 | 17.07 | 198.90 | 215.97 | OK | |
r-release-macos-arm64 | 1.0.0 | 102.00 | OK | |||
r-release-macos-x86_64 | 1.0.0 | 191.00 | OK | |||
r-release-windows-x86_64 | 1.0.0 | 20.00 | 212.00 | 232.00 | OK | |
r-oldrel-macos-arm64 | 1.0.0 | 96.00 | OK | |||
r-oldrel-macos-x86_64 | 1.0.0 | 168.00 | OK | |||
r-oldrel-windows-x86_64 | 1.0.0 | 26.00 | 266.00 | 292.00 | OK |
Version: 1.0.0
Check: examples
Result: NOTE
Examples with CPU (user + system) or elapsed time > 5s
user system elapsed
wq_calc 7.237 0.217 10.713
Flavor: r-devel-linux-x86_64-debian-clang
Version: 1.0.0
Check: examples
Result: NOTE
Examples with CPU (user + system) or elapsed time > 5s
user system elapsed
wq_calc 4.419 0.19 5.854
Flavor: r-devel-linux-x86_64-debian-gcc