Last updated on 2025-02-04 16:49:28 CET.
Flavor | Version | Tinstall | Tcheck | Ttotal | Status | Flags |
---|---|---|---|---|---|---|
r-devel-linux-x86_64-debian-clang | 0.6.0 | 6.37 | 550.63 | 557.00 | ERROR | |
r-devel-linux-x86_64-debian-gcc | 0.6.0 | 4.69 | 358.31 | 363.00 | NOTE | |
r-devel-linux-x86_64-fedora-clang | 0.6.0 | 642.72 | NOTE | |||
r-devel-linux-x86_64-fedora-gcc | 0.6.0 | 863.43 | NOTE | |||
r-devel-windows-x86_64 | 0.6.0 | 9.00 | 358.00 | 367.00 | NOTE | |
r-patched-linux-x86_64 | 0.6.0 | 7.50 | 508.94 | 516.44 | OK | |
r-release-linux-x86_64 | 0.6.0 | 5.59 | 509.89 | 515.48 | OK | |
r-release-macos-arm64 | 0.6.0 | 202.00 | OK | |||
r-release-macos-x86_64 | 0.6.0 | 435.00 | OK | |||
r-release-windows-x86_64 | 0.6.0 | 9.00 | 336.00 | 345.00 | OK | |
r-oldrel-macos-arm64 | 0.6.0 | 223.00 | OK | |||
r-oldrel-macos-x86_64 | 0.6.0 | 348.00 | OK | |||
r-oldrel-windows-x86_64 | 0.6.0 | 11.00 | 446.00 | 457.00 | OK |
Version: 0.6.0
Check: DESCRIPTION meta-information
Result: NOTE
Missing dependency on R >= 4.1.0 because package code uses the pipe
|> or function shorthand \(...) syntax added in R 4.1.0.
File(s) using such syntax:
‘multi_scale.R’
Flavors: r-devel-linux-x86_64-debian-clang, r-devel-linux-x86_64-debian-gcc, r-devel-linux-x86_64-fedora-clang, r-devel-linux-x86_64-fedora-gcc, r-devel-windows-x86_64
Version: 0.6.0
Check: re-building of vignette outputs
Result: ERROR
Error(s) in re-building vignettes:
...
--- re-building ‘multi-scale-assessment.Rmd’ using rmarkdown
** Processing: /home/hornik/tmp/R.check/r-devel-clang/Work/PKGS/waywiser.Rcheck/vign_test/waywiser/vignettes/multi-scale-assessment_files/figure-html/unnamed-chunk-3-1.png
288x288 pixels, 3x8 bits/pixel, RGB
Input IDAT size = 26527 bytes
Input file size = 26641 bytes
Trying:
zc = 9 zm = 8 zs = 0 f = 0 IDAT size = 24808
zc = 9 zm = 8 zs = 1 f = 0
zc = 1 zm = 8 zs = 2 f = 0
zc = 9 zm = 8 zs = 3 f = 0
zc = 9 zm = 8 zs = 0 f = 5
zc = 9 zm = 8 zs = 1 f = 5
zc = 1 zm = 8 zs = 2 f = 5
zc = 9 zm = 8 zs = 3 f = 5
Selecting parameters:
zc = 9 zm = 8 zs = 0 f = 0 IDAT size = 24808
Output IDAT size = 24808 bytes (1719 bytes decrease)
Output file size = 24886 bytes (1755 bytes = 6.59% decrease)
** Processing: /home/hornik/tmp/R.check/r-devel-clang/Work/PKGS/waywiser.Rcheck/vign_test/waywiser/vignettes/multi-scale-assessment_files/figure-html/unnamed-chunk-6-1.png
288x288 pixels, 3x8 bits/pixel, RGB
Input IDAT size = 16057 bytes
Input file size = 16147 bytes
Trying:
zc = 9 zm = 8 zs = 0 f = 0 IDAT size = 13102
zc = 9 zm = 8 zs = 1 f = 0
zc = 1 zm = 8 zs = 2 f = 0
zc = 9 zm = 8 zs = 3 f = 0
zc = 9 zm = 8 zs = 0 f = 5
zc = 9 zm = 8 zs = 1 f = 5
zc = 1 zm = 8 zs = 2 f = 5
zc = 9 zm = 8 zs = 3 f = 5
Selecting parameters:
zc = 9 zm = 8 zs = 0 f = 0 IDAT size = 13102
Output IDAT size = 13102 bytes (2955 bytes decrease)
Output file size = 13180 bytes (2967 bytes = 18.37% decrease)
** Processing: /home/hornik/tmp/R.check/r-devel-clang/Work/PKGS/waywiser.Rcheck/vign_test/waywiser/vignettes/multi-scale-assessment_files/figure-html/unnamed-chunk-7-1.png
288x288 pixels, 3x8 bits/pixel, RGB
Input IDAT size = 14125 bytes
Input file size = 14215 bytes
Trying:
zc = 9 zm = 8 zs = 0 f = 0 IDAT size = 11580
zc = 9 zm = 8 zs = 1 f = 0
zc = 1 zm = 8 zs = 2 f = 0
zc = 9 zm = 8 zs = 3 f = 0
zc = 9 zm = 8 zs = 0 f = 5
zc = 9 zm = 8 zs = 1 f = 5
zc = 1 zm = 8 zs = 2 f = 5
zc = 9 zm = 8 zs = 3 f = 5
Selecting parameters:
zc = 9 zm = 8 zs = 0 f = 0 IDAT size = 11580
Output IDAT size = 11580 bytes (2545 bytes decrease)
Output file size = 11658 bytes (2557 bytes = 17.99% decrease)
Quitting from lines 121-126 [unnamed-chunk-8] (multi-scale-assessment.Rmd)
Error: processing vignette 'multi-scale-assessment.Rmd' failed with diagnostics:
Opening layer failed.
--- failed re-building ‘multi-scale-assessment.Rmd’
--- re-building ‘residual-autocorrelation.Rmd’ using rmarkdown
** Processing: /home/hornik/tmp/R.check/r-devel-clang/Work/PKGS/waywiser.Rcheck/vign_test/waywiser/vignettes/residual-autocorrelation_files/figure-html/2022_06_29-guerry-1.png
768x288 pixels, 3x8 bits/pixel, RGB
Input IDAT size = 54720 bytes
Input file size = 54870 bytes
Trying:
zc = 9 zm = 8 zs = 0 f = 0 IDAT size = 46032
zc = 9 zm = 8 zs = 1 f = 0
zc = 1 zm = 8 zs = 2 f = 0
zc = 9 zm = 8 zs = 3 f = 0
zc = 9 zm = 8 zs = 0 f = 5
zc = 9 zm = 8 zs = 1 f = 5
zc = 1 zm = 8 zs = 2 f = 5
zc = 9 zm = 8 zs = 3 f = 5
Selecting parameters:
zc = 9 zm = 8 zs = 0 f = 0 IDAT size = 46032
Output IDAT size = 46032 bytes (8688 bytes decrease)
Output file size = 46110 bytes (8760 bytes = 15.97% decrease)
** Processing: /home/hornik/tmp/R.check/r-devel-clang/Work/PKGS/waywiser.Rcheck/vign_test/waywiser/vignettes/residual-autocorrelation_files/figure-html/2023_02_21-guerryp-1.png
768x288 pixels, 3x8 bits/pixel, RGB
Input IDAT size = 42501 bytes
Input file size = 42639 bytes
Trying:
zc = 9 zm = 8 zs = 0 f = 0 IDAT size = 34212
zc = 9 zm = 8 zs = 1 f = 0
zc = 1 zm = 8 zs = 2 f = 0
zc = 9 zm = 8 zs = 3 f = 0
zc = 9 zm = 8 zs = 0 f = 5
zc = 9 zm = 8 zs = 1 f = 5
zc = 1 zm = 8 zs = 2 f = 5
zc = 9 zm = 8 zs = 3 f = 5
Selecting parameters:
zc = 9 zm = 8 zs = 0 f = 0 IDAT size = 34212
Output IDAT size = 34212 bytes (8289 bytes decrease)
Output file size = 34290 bytes (8349 bytes = 19.58% decrease)
--- finished re-building ‘residual-autocorrelation.Rmd’
--- re-building ‘waywiser.Rmd’ using rmarkdown
** Processing: /home/hornik/tmp/R.check/r-devel-clang/Work/PKGS/waywiser.Rcheck/vign_test/waywiser/vignettes/waywiser_files/figure-html/unnamed-chunk-10-1.png
288x288 pixels, 3x8 bits/pixel, RGB
Input IDAT size = 18575 bytes
Input file size = 18677 bytes
Trying:
zc = 9 zm = 8 zs = 0 f = 0 IDAT size = 15397
zc = 9 zm = 8 zs = 1 f = 0
zc = 1 zm = 8 zs = 2 f = 0
zc = 9 zm = 8 zs = 3 f = 0
zc = 9 zm = 8 zs = 0 f = 5
zc = 9 zm = 8 zs = 1 f = 5
zc = 1 zm = 8 zs = 2 f = 5
zc = 9 zm = 8 zs = 3 f = 5
Selecting parameters:
zc = 9 zm = 8 zs = 0 f = 0 IDAT size = 15397
Output IDAT size = 15397 bytes (3178 bytes decrease)
Output file size = 15475 bytes (3202 bytes = 17.14% decrease)
--- finished re-building ‘waywiser.Rmd’
SUMMARY: processing the following file failed:
‘multi-scale-assessment.Rmd’
Error: Vignette re-building failed.
Execution halted
Flavor: r-devel-linux-x86_64-debian-clang