Last updated on 2025-06-14 04:50:30 CEST.
Flavor | Version | Tinstall | Tcheck | Ttotal | Status | Flags |
---|---|---|---|---|---|---|
r-devel-linux-x86_64-debian-clang | 1.1.1 | 18.68 | 121.59 | 140.27 | OK | |
r-devel-linux-x86_64-debian-gcc | 1.1.1 | 11.46 | 85.64 | 97.10 | OK | |
r-devel-linux-x86_64-fedora-clang | 1.1.1 | 226.66 | OK | |||
r-devel-linux-x86_64-fedora-gcc | 1.1.1 | 205.30 | OK | |||
r-devel-windows-x86_64 | 1.1.1 | 23.00 | 119.00 | 142.00 | OK | |
r-patched-linux-x86_64 | 1.1.1 | 17.37 | 111.70 | 129.07 | OK | |
r-release-linux-x86_64 | 1.0.4 | 16.51 | 107.44 | 123.95 | NOTE | |
r-release-macos-arm64 | 1.1.1 | 60.00 | OK | |||
r-release-macos-x86_64 | 1.0.4 | 101.00 | OK | |||
r-release-windows-x86_64 | 1.1.1 | 22.00 | 121.00 | 143.00 | OK | |
r-oldrel-macos-arm64 | 1.1.1 | 64.00 | OK | |||
r-oldrel-macos-x86_64 | 1.0.4 | 75.00 | OK | |||
r-oldrel-windows-x86_64 | 1.1.1 | 29.00 | 162.00 | 191.00 | OK |
Version: 1.0.4
Check: Rd cross-references
Result: NOTE
Found the following Rd file(s) with Rd \link{} targets missing package
anchors:
plotwtdinteraction.Rd: mice, gam, bam
wpct.Rd: wtd.table
Please provide package anchors for all Rd \link{} targets not in the
package itself and the base packages.
Flavor: r-release-linux-x86_64