Last updated on 2025-02-04 15:49:28 CET.
Flavor | Version | Tinstall | Tcheck | Ttotal | Status | Flags |
---|---|---|---|---|---|---|
r-devel-linux-x86_64-debian-clang | 1.0.0 | 4.87 | 69.01 | 73.88 | NOTE | |
r-devel-linux-x86_64-debian-gcc | 1.0.0 | 3.22 | 52.27 | 55.49 | NOTE | |
r-devel-linux-x86_64-fedora-clang | 1.0.0 | 116.30 | NOTE | |||
r-devel-linux-x86_64-fedora-gcc | 1.0.0 | 126.41 | NOTE | |||
r-devel-windows-x86_64 | 1.0.0 | 8.00 | 105.00 | 113.00 | NOTE | |
r-patched-linux-x86_64 | 1.0.0 | 5.18 | 65.94 | 71.12 | OK | |
r-release-linux-x86_64 | 1.0.0 | 4.88 | 67.13 | 72.01 | OK | |
r-release-macos-arm64 | 1.0.0 | 45.00 | OK | |||
r-release-macos-x86_64 | 1.0.0 | 67.00 | OK | |||
r-release-windows-x86_64 | 1.0.0 | 8.00 | 99.00 | 107.00 | OK | |
r-oldrel-macos-arm64 | 1.0.0 | 48.00 | OK | |||
r-oldrel-macos-x86_64 | 1.0.0 | 85.00 | OK | |||
r-oldrel-windows-x86_64 | 1.0.0 | 10.00 | 114.00 | 124.00 | OK |
Version: 1.0.0
Check: DESCRIPTION meta-information
Result: NOTE
Missing dependency on R >= 4.1.0 because package code uses the pipe
|> or function shorthand \(...) syntax added in R 4.1.0.
File(s) using such syntax:
‘export.R’ ‘week.R’
Flavors: r-devel-linux-x86_64-debian-clang, r-devel-linux-x86_64-debian-gcc, r-devel-linux-x86_64-fedora-clang, r-devel-linux-x86_64-fedora-gcc, r-devel-windows-x86_64