Last updated on 2024-08-31 22:49:54 CEST.
Flavor | Version | Tinstall | Tcheck | Ttotal | Status | Flags |
---|---|---|---|---|---|---|
r-devel-linux-x86_64-debian-clang | 2.4.2 | 10.39 | 83.73 | 94.12 | OK | |
r-devel-linux-x86_64-debian-gcc | 2.4.2 | 7.03 | 55.59 | 62.62 | OK | |
r-devel-linux-x86_64-fedora-clang | 2.4.2 | 153.47 | NOTE | |||
r-devel-linux-x86_64-fedora-gcc | 2.4.2 | 163.00 | OK | |||
r-devel-windows-x86_64 | 2.4.2 | 12.00 | 98.00 | 110.00 | OK | |
r-patched-linux-x86_64 | 2.4.2 | 10.06 | 78.15 | 88.21 | OK | |
r-release-linux-x86_64 | 2.4.2 | 9.06 | 77.41 | 86.47 | OK | |
r-release-macos-arm64 | 2.4.2 | 47.00 | OK | |||
r-release-macos-x86_64 | 2.4.2 | 71.00 | OK | |||
r-release-windows-x86_64 | 2.4.2 | 12.00 | 101.00 | 113.00 | OK | |
r-oldrel-macos-arm64 | 2.4.2 | 50.00 | OK | |||
r-oldrel-macos-x86_64 | 2.4.2 | 78.00 | OK | |||
r-oldrel-windows-x86_64 | 2.4.2 | 15.00 | 114.00 | 129.00 | OK |
Version: 2.4.2
Check: package dependencies
Result: NOTE
Imports includes 31 non-default packages.
Importing from so many packages makes the package vulnerable to any of
them becoming unavailable. Move as many as possible to Suggests and
use conditionally.
Flavor: r-devel-linux-x86_64-fedora-clang