Last updated on 2025-04-30 08:53:14 CEST.
Flavor | Version | Tinstall | Tcheck | Ttotal | Status | Flags |
---|---|---|---|---|---|---|
r-devel-linux-x86_64-debian-clang | 0.0.5 | 13.38 | 72.88 | 86.26 | NOTE | |
r-devel-linux-x86_64-debian-gcc | 0.0.5 | 8.97 | 52.46 | 61.43 | NOTE | |
r-devel-linux-x86_64-fedora-clang | 0.0.5 | 123.54 | OK | |||
r-devel-linux-x86_64-fedora-gcc | 0.0.5 | 130.83 | OK | |||
r-devel-windows-x86_64 | 0.0.5 | 15.00 | 89.00 | 104.00 | OK | |
r-patched-linux-x86_64 | 0.0.5 | 13.94 | 67.72 | 81.66 | NOTE | |
r-release-linux-x86_64 | 0.0.5 | 10.81 | 67.89 | 78.70 | NOTE | |
r-release-macos-arm64 | 0.0.5 | 44.00 | OK | |||
r-release-macos-x86_64 | 0.0.5 | 87.00 | OK | |||
r-release-windows-x86_64 | 0.0.5 | 16.00 | 90.00 | 106.00 | OK | |
r-oldrel-macos-arm64 | 0.0.5 | 47.00 | OK | |||
r-oldrel-macos-x86_64 | 0.0.5 | 74.00 | OK | |||
r-oldrel-windows-x86_64 | 0.0.5 | 19.00 | 103.00 | 122.00 | OK |
Version: 0.0.5
Check: for unstated dependencies in ‘demo’
Result: NOTE
'library' or 'require' call not declared from: ‘shiny’
Flavors: r-devel-linux-x86_64-debian-clang, r-devel-linux-x86_64-debian-gcc, r-patched-linux-x86_64, r-release-linux-x86_64