Last updated on 2024-08-31 22:49:54 CEST.
Flavor | Version | Tinstall | Tcheck | Ttotal | Status | Flags |
---|---|---|---|---|---|---|
r-devel-linux-x86_64-debian-clang | 1.2-3 | 2.74 | 46.51 | 49.25 | OK | |
r-devel-linux-x86_64-debian-gcc | 1.2-3 | 2.21 | 37.59 | 39.80 | OK | |
r-devel-linux-x86_64-fedora-clang | 1.2-3 | 77.04 | NOTE | |||
r-devel-linux-x86_64-fedora-gcc | 1.2-3 | 72.20 | OK | |||
r-devel-windows-x86_64 | 1.2-3 | 6.00 | 73.00 | 79.00 | NOTE | |
r-patched-linux-x86_64 | 1.2-3 | 3.03 | 43.92 | 46.95 | OK | |
r-release-linux-x86_64 | 1.2-3 | 2.47 | 43.75 | 46.22 | OK | |
r-release-macos-arm64 | 1.2-3 | 30.00 | NOTE | |||
r-release-macos-x86_64 | 1.2-3 | 45.00 | NOTE | |||
r-release-windows-x86_64 | 1.2-3 | 6.00 | 76.00 | 82.00 | NOTE | |
r-oldrel-macos-arm64 | 1.2-3 | 34.00 | NOTE | |||
r-oldrel-macos-x86_64 | 1.2-3 | 44.00 | NOTE | |||
r-oldrel-windows-x86_64 | 1.2-3 | 6.00 | 86.00 | 92.00 | NOTE |
Version: 1.2-3
Check: installed package size
Result: NOTE
installed size is 11.6Mb
sub-directories of 1Mb or more:
data 11.4Mb
Flavors: r-devel-linux-x86_64-fedora-clang, r-devel-windows-x86_64, r-release-macos-arm64, r-release-macos-x86_64, r-release-windows-x86_64, r-oldrel-macos-arm64, r-oldrel-macos-x86_64, r-oldrel-windows-x86_64