Last updated on 2025-04-30 01:50:41 CEST.
Flavor | Version | Tinstall | Tcheck | Ttotal | Status | Flags |
---|---|---|---|---|---|---|
r-devel-linux-x86_64-debian-clang | 0.9.7 | 15.32 | 204.68 | 220.00 | NOTE | |
r-devel-linux-x86_64-debian-gcc | 0.9.7 | 9.91 | 135.38 | 145.29 | NOTE | |
r-devel-linux-x86_64-fedora-clang | 0.9.7 | 351.31 | OK | |||
r-devel-linux-x86_64-fedora-gcc | 0.9.7 | 343.95 | OK | |||
r-devel-windows-x86_64 | 0.9.7 | 16.00 | 202.00 | 218.00 | OK | |
r-patched-linux-x86_64 | 0.9.7 | 14.74 | 194.36 | 209.10 | OK | |
r-release-linux-x86_64 | 0.9.7 | 12.86 | 192.20 | 205.06 | OK | |
r-release-macos-arm64 | 0.9.7 | 83.00 | OK | |||
r-release-macos-x86_64 | 0.9.7 | 129.00 | OK | |||
r-release-windows-x86_64 | 0.9.7 | 16.00 | 200.00 | 216.00 | OK | |
r-oldrel-macos-arm64 | 0.9.7 | 94.00 | OK | |||
r-oldrel-macos-x86_64 | 0.9.7 | 143.00 | OK | |||
r-oldrel-windows-x86_64 | 0.9.7 | 21.00 | 267.00 | 288.00 | OK |
Version: 0.9.7
Check: examples
Result: NOTE
Examples with CPU (user + system) or elapsed time > 5s
user system elapsed
compare2numvars 11.993 0.161 16.374
Flavor: r-devel-linux-x86_64-debian-clang
Version: 0.9.7
Check: examples
Result: NOTE
Examples with CPU (user + system) or elapsed time > 5s
user system elapsed
compare2numvars 6.386 0.247 8.682
Flavor: r-devel-linux-x86_64-debian-gcc