Last updated on 2024-08-31 22:49:54 CEST.
Flavor | Version | Tinstall | Tcheck | Ttotal | Status | Flags |
---|---|---|---|---|---|---|
r-devel-linux-x86_64-debian-clang | 0.1.2 | 14.02 | 25.01 | 39.03 | NOTE | |
r-devel-linux-x86_64-debian-gcc | 0.1.2 | 8.95 | 19.92 | 28.87 | NOTE | |
r-devel-linux-x86_64-fedora-clang | 0.1.2 | 73.68 | NOTE | |||
r-devel-linux-x86_64-fedora-gcc | 0.1.2 | 72.55 | NOTE | |||
r-devel-windows-x86_64 | 0.1.2 | 21.00 | 64.00 | 85.00 | OK | |
r-patched-linux-x86_64 | 0.1.2 | 14.25 | 24.44 | 38.69 | NOTE | |
r-release-linux-x86_64 | 0.1.2 | 13.37 | 23.97 | 37.34 | NOTE | |
r-release-macos-arm64 | 0.1.2 | 27.00 | NOTE | |||
r-release-macos-x86_64 | 0.1.2 | 38.00 | NOTE | |||
r-release-windows-x86_64 | 0.1.2 | 22.00 | 65.00 | 87.00 | OK | |
r-oldrel-macos-arm64 | 0.1.2 | 27.00 | OK | |||
r-oldrel-macos-x86_64 | 0.1.2 | 39.00 | OK | |||
r-oldrel-windows-x86_64 | 0.1.2 | 25.00 | 81.00 | 106.00 | OK |
Version: 0.1.2
Check: package dependencies
Result: NOTE
Package suggested but not available for checking: ‘rbokeh’
Flavors: r-devel-linux-x86_64-debian-clang, r-devel-linux-x86_64-debian-gcc, r-devel-linux-x86_64-fedora-clang, r-devel-linux-x86_64-fedora-gcc, r-patched-linux-x86_64, r-release-linux-x86_64, r-release-macos-arm64, r-release-macos-x86_64