Last updated on 2024-04-27 16:57:41 CEST.
Flavor | Version | Tinstall | Tcheck | Ttotal | Status | Flags |
---|---|---|---|---|---|---|
r-devel-linux-x86_64-debian-clang | 2.0.0 | 4.46 | 60.00 | 64.46 | OK | |
r-devel-linux-x86_64-debian-gcc | 2.0.0 | 4.34 | 45.87 | 50.21 | OK | |
r-devel-linux-x86_64-fedora-clang | 2.0.0 | 84.87 | NOTE | |||
r-devel-linux-x86_64-fedora-gcc | 2.0.0 | 92.25 | NOTE | |||
r-devel-windows-x86_64 | 2.0.0 | 6.00 | 72.00 | 78.00 | OK | |
r-patched-linux-x86_64 | 2.0.0 | 3.49 | 58.29 | 61.78 | OK | |
r-release-linux-x86_64 | 2.0.0 | 3.61 | 56.73 | 60.34 | OK | |
r-release-macos-arm64 | 2.0.0 | 49.00 | OK | |||
r-release-windows-x86_64 | 2.0.0 | 6.00 | 70.00 | 76.00 | OK | |
r-oldrel-macos-arm64 | 2.0.0 | 45.00 | OK | |||
r-oldrel-macos-x86_64 | 2.0.0 | 75.00 | OK | |||
r-oldrel-windows-x86_64 | 2.0.0 | 8.00 | 77.00 | 85.00 | OK |
Version: 2.0.0
Check: data for non-ASCII characters
Result: NOTE
Note: found 76 marked UTF-8 strings
Flavors: r-devel-linux-x86_64-fedora-clang, r-devel-linux-x86_64-fedora-gcc