Last updated on 2025-02-04 16:49:05 CET.
Flavor | Version | Tinstall | Tcheck | Ttotal | Status | Flags |
---|---|---|---|---|---|---|
r-devel-linux-x86_64-debian-clang | 0.1.0 | 3.31 | 40.88 | 44.19 | NOTE | |
r-devel-linux-x86_64-debian-gcc | 0.1.0 | 2.45 | 30.24 | 32.69 | NOTE | |
r-devel-linux-x86_64-fedora-clang | 0.1.0 | 65.32 | NOTE | |||
r-devel-linux-x86_64-fedora-gcc | 0.1.0 | 58.95 | NOTE | |||
r-devel-windows-x86_64 | 0.1.0 | 4.00 | 54.00 | 58.00 | NOTE | |
r-patched-linux-x86_64 | 0.1.0 | 2.80 | 33.59 | 36.39 | OK | |
r-release-linux-x86_64 | 0.1.0 | 3.18 | 33.97 | 37.15 | OK | |
r-release-macos-arm64 | 0.1.0 | 22.00 | OK | |||
r-release-macos-x86_64 | 0.1.0 | 55.00 | OK | |||
r-release-windows-x86_64 | 0.1.0 | 5.00 | 52.00 | 57.00 | OK | |
r-oldrel-macos-arm64 | 0.1.0 | 25.00 | OK | |||
r-oldrel-macos-x86_64 | 0.1.0 | 58.00 | OK | |||
r-oldrel-windows-x86_64 | 0.1.0 | 5.00 | 56.00 | 61.00 | OK |
Version: 0.1.0
Check: DESCRIPTION meta-information
Result: NOTE
Missing dependency on R >= 4.1.0 because package code uses the pipe
|> or function shorthand \(...) syntax added in R 4.1.0.
File(s) using such syntax:
‘acoRn.R’ ‘clean_input.R’ ‘create_mock_dataset.R’
‘exclude_duplicates.R’ ‘find_parents.R’ ‘identify_duplicates.R’
Flavors: r-devel-linux-x86_64-debian-clang, r-devel-linux-x86_64-debian-gcc, r-devel-linux-x86_64-fedora-clang, r-devel-linux-x86_64-fedora-gcc, r-devel-windows-x86_64