Last updated on 2023-11-28 23:04:49 CET.
Flavor | Version | Tinstall | Tcheck | Ttotal | Status | Flags |
---|---|---|---|---|---|---|
r-devel-linux-x86_64-debian-clang | 3.2.1 | 209.64 | 466.61 | 676.25 | OK | |
r-devel-linux-x86_64-debian-gcc | 3.2.1 | 169.09 | 354.96 | 524.05 | OK | |
r-devel-linux-x86_64-fedora-clang | 3.2.1 | 903.84 | OK | |||
r-devel-linux-x86_64-fedora-gcc | 3.2.1 | 918.01 | OK | |||
r-devel-windows-x86_64 | 3.2.1 | 154.00 | 329.00 | 483.00 | OK | |
r-patched-linux-x86_64 | 3.2.1 | 193.91 | 448.47 | 642.38 | OK | |
r-release-linux-x86_64 | 3.2.1 | 209.07 | 450.26 | 659.33 | OK | |
r-release-macos-arm64 | 3.2.1 | 209.00 | NOTE | |||
r-release-macos-x86_64 | 3.2.1 | 542.00 | NOTE | |||
r-release-windows-x86_64 | 3.2.1 | 207.00 | 451.00 | 658.00 | OK | |
r-oldrel-macos-arm64 | 3.2.1 | 208.00 | NOTE | |||
r-oldrel-macos-x86_64 | 3.2.1 | 285.00 | NOTE | |||
r-oldrel-windows-x86_64 | 3.2.1 | 203.00 | 411.00 | 614.00 | OK |
Version: 3.2.1
Check: installed package size
Result: NOTE
installed size is 18.1Mb
sub-directories of 1Mb or more:
libs 16.9Mb
Flavors: r-release-macos-arm64, r-release-macos-x86_64, r-oldrel-macos-arm64, r-oldrel-macos-x86_64